actor of j and s?
7
Suppose 15*b = 126 + 39. Suppose 72 = b*v - 5*v. Calculate the greatest common divisor of 20 and v.
4
Let x = -273 + 388. Let r(w) = 24*w**2 + 5*w - 6. Let y be r(1). Calculate the greatest common factor of x and y.
23
Suppose 1 = -2*k + 21. Suppose -j - 34 = 3*t, 3*t - 100 = 5*j + 4*t. Let a = j - -21. Calculate the highest common factor of k and a.
2
Let m = 151 + -107. Calculate the highest common factor of m and 110.
22
Suppose 0 = 3*w + 2*w - 275. Let t(r) = -2*r - 15. Let p be t(-6). Let x be -3 + 2 + p + 9. What is the highest common divisor of w and x?
5
Suppose -1038 + 1098 = 5*b. What is the greatest common factor of b and 40?
4
Let w be 16*1 - (-1 + 0). Suppose -t - 5*u = -4*u + 66, -u = -t - 58. Let h = 147 + t. Calculate the highest common factor of w and h.
17
Let h(y) = -y**3 + y - 219. Let n be h(0). Let q = n + 131. Let r be (-1 - q) + (-3 - -3). Calculate the highest common divisor of r and 58.
29
Let n = 218 + -189. Suppose 486 + 210 = 3*o. Calculate the greatest common divisor of n and o.
29
Suppose 6*n - 216 = -2*n. Let o = 34 - n. Calculate the highest common divisor of o and 1.
1
Let a(p) be the third derivative of 3*p**4/8 - 8*p**3/3 + p**2. Let v be (45 + -43)/(-1*2/(-8)). Let f be a(v). Calculate the highest common divisor of f and 7.
7
Suppose -3*q + 13 = 1. Suppose q*x = -8 - 8. Let k(f) = f**3 + 5*f**2 - 2*f - 4. Let y be k(x). Calculate the highest common factor of y and 50.
10
Suppose 2*v - 7 = 25. Let x = 32 + v. Calculate the greatest common factor of x and 6.
6
Suppose g - 4 + 0 = 0. Suppose g*s + 3*w = 3*s + 9, -117 = -5*s + 3*w. Let x = s - -6. What is the highest common divisor of x and 18?
9
Let w(b) = -3*b**2. Let v(i) = -8*i**2 - 35. Let n(y) = -v(y) + 3*w(y). Let o be 0*1*(1 - 0). Let q be n(o). Calculate the highest common divisor of 7 and q.
7
Suppose 10*o - 13*o = -3. Let h be ((-25)/2)/(o*(-4)/8). What is the highest common divisor of 20 and h?
5
Let r = -2526 - -2550. Let u = 16 + 20. What is the greatest common factor of u and r?
12
Suppose 5*k - 1 - 9 = 0. Suppose 0 = -k*m + 3*z + 50, 3*m - 67 = 5*z + 9. What is the highest common divisor of m and 66?
22
Suppose -3*c + 13 + 2 = 0. Suppose -c*d + 10 = -3*d. Suppose -41 = -d*i + 9. Calculate the greatest common divisor of i and 90.
10
Let y be 16*1 - (2 + 2). Let o(q) = -q**3 + 4*q**2 - q + 1. Let c be o(4). Let n be 7 - ((-8)/4 - c). Calculate the highest common divisor of y and n.
6
Suppose 37*k = 35*k + 58. Let g = -151 + -139. Let l be (2/(-4))/(5/g). What is the highest common factor of k and l?
29
Suppose -416 = 35*l - 43*l. Calculate the greatest common divisor of l and 12.
4
Let r = -278 + 473. What is the greatest common factor of 120 and r?
15
Let x(u) = -u**3 - 17*u**2 + 12. Let n be x(-17). Let d be (3 + (-32)/12)*-2*-6. Calculate the greatest common divisor of n and d.
4
Suppose -63 = -5*t - 3*d, -3*t + 3*d = 11 - 44. What is the greatest common divisor of t and 108?
12
Let b be 2/14 + (-3439)/(-133). Suppose -3*w = -5*w + b. What is the greatest common divisor of 143 and w?
13
Let z be -1 - (4 + 0 + 16). Let i = 41 + z. What is the highest common divisor of i and 50?
10
Let m be (-13)/(13/(-68)) - -4. Calculate the greatest common divisor of m and 8.
8
Suppose -4*h + v + 27 = 0, -3*h + 8 + 12 = -v. Calculate the greatest common divisor of h and 35.
7
Let j(l) = -l**3 - 2*l**2 - 4*l - 2. Let o be j(-2). Let v be (26*-1)/(o/3). Let s = 35 + v. What is the greatest common divisor of 11 and s?
11
Suppose 2*d - 3*b = 3*d - 50, -2*d + 91 = 3*b. Let i = d + -30. Suppose 5*n = 41 - i. What is the highest common divisor of n and 12?
6
Let d be ((-158)/(-8))/(12/48). What is the highest common factor of d and 79?
79
Suppose -2 = -16*o + 15*o. Let i(a) = 4*a**2 - 6*a + 3. Let y be i(o). Let t be (1*y)/(16/80). What is the highest common divisor of t and 7?
7
Let v be -17*1*-1*11. Let s(f) = -11*f - 102. Let d be s(-17). Suppose -24*t + 29*t = d. Calculate the greatest common factor of t and v.
17
Suppose -3*l - 3*x = -207, -2*x = -5*x + 12. What is the highest common divisor of l and 520?
65
Let u(r) = 2*r**3 - 34*r**2 + 3*r + 19. Let i be u(17). Calculate the highest common factor of 450 and i.
10
Let f = 23 - 5. Let x(b) = -b**2 - 10*b + 14. Let j be x(-11). Let g be (5 - 51/(-6))*32/j. Calculate the highest common factor of g and f.
18
Let d(w) = 3*w + 10. Let j be d(5). Suppose -3*z = 4*k - 699, 0 = 4*z - 0*z - 4. Let n = k - 74. Calculate the greatest common factor of j and n.
25
Let a be 438/36 + 1/(-6). Suppose 0 = -u + 5*u + 20, 0 = -3*n + 5*u + 205. What is the highest common factor of a and n?
12
Let q = -454 - -308. Let l = -6 - q. Let d(s) = 2*s**2 + 16*s - 5. Let a be d(-10). Calculate the greatest common factor of l and a.
35
Suppose 10 + 11 = v. Suppose -19*p - 84 = -v*p. Calculate the highest common divisor of 42 and p.
42
Let a(u) = -55*u - 1. Let j(m) = -m + 13. Let y be j(14). Let i be a(y). Let n = -5 - -11. What is the greatest common factor of i and n?
6
Let o = -65 - -64. Let v = 9 + o. Let k be 2/(-4)*0 + 16. Calculate the highest common divisor of v and k.
8
Let m = 24 - 7. Let s = m - 15. Suppose 4*p = -3*b - 0*b - 11, 0 = s*b - 2*p - 16. Calculate the greatest common divisor of b and 30.
3
Let m(w) = 6*w**2 + 641*w - 1292. Let h be m(2). Let k(l) = l**3 - l**2 + l + 4. Let n be k(0). Calculate the highest common divisor of n and h.
2
Let s(a) = a**3 + 6*a**2 + 13*a + 36. Let u be s(-4). Calculate the greatest common factor of 40 and u.
8
Let q be (45/(-10))/9*42. Let p = q + 61. What is the greatest common factor of 10 and p?
10
Let q(a) = -a**3 + 3*a**2 - 8*a - 4. Let n be q(-4). Suppose -5*k = 5*z - n, -55 = -k - k - z. Calculate the highest common factor of 3 and k.
3
Let o be (1*-1)/(8/(-360)). Let b = -18 - -36. What is the highest common factor of o and b?
9
Let z(l) = 6*l - 9. Let k be z(6). Suppose 0*r - 3*r = b - k, b - r = 31. Suppose 0 = 5*o - 585 + 360. Calculate the greatest common factor of o and b.
15
Let z be 1 + (-5)/(-2)*14. Suppose 18*f = 12*f + 540. Calculate the highest common divisor of z and f.
18
Suppose -12*v + 18*v - 126 = 0. Let r = 75 - 54. What is the greatest common divisor of r and v?
21
Let q = -585 + 984. Calculate the greatest common factor of q and 171.
57
Let s(o) = 6*o**3 + 35*o**2 - 46*o - 179. Let r be s(-5). Let b = 34 + -18. Calculate the highest common factor of b and r.
16
Let o be -4 - (-2 + -3 - (-30)/(-3)). Calculate the highest common divisor of 33 and o.
11
Let l be (10 - (0 + 0))/(2/184). Calculate the highest common divisor of 40 and l.
40
Let y be (10 - 2) + 2 + (510 - 515). Suppose 3*d + 90 = 8*d. Let x be 1/(d/(-10) - -2). Calculate the greatest common factor of x and y.
5
Suppose 0*b + 81 = b. Let p be -5*(b/(-15) - -1). Calculate the greatest common factor of 110 and p.
22
Suppose -9*h + 6 = -6*h. Let w(z) = 30*z - 4. Let t be w(h). Calculate the highest common divisor of t and 28.
28
Suppose 7*n + 5804 + 727 = 0. Let y be (-1)/(3/n) - (2 + -3). What is the greatest common divisor of y and 24?
24
Let b = 86 - 71. Suppose -b = -r + 17. Calculate the greatest common factor of 112 and r.
16
Suppose 3*i = i - 5*x + 327, -3*i + x = -482. Calculate the highest common factor of 23 and i.
23
Suppose 0 = -0*z - z + 30. Let q = -46 - -56. Suppose q = -8*c + 10*c. Calculate the highest common divisor of z and c.
5
Suppose -4*z + 5 = -23. Let g = 144 - 73. Suppose -69 = -5*a + g. Calculate the greatest common divisor of a and z.
7
Let c(g) = g**3 + 13*g**2 + 12*g - 45. Let j be c(-11). What is the greatest common factor of j and 325?
65
Suppose -27 = -m - 2. Suppose -4*g + 35 = -m. Calculate the greatest common divisor of 135 and g.
15
Suppose d - 16 - 44 = 0. What is the highest common factor of d and 40?
20
Let g(f) = f**2 + 22*f + 38. Let s be g(-22). Let w = 41 - s. Calculate the highest common divisor of w and 51.
3
Let a be 12/15 + 48/10*29. Let l be 1/(-2)*(-37 - 3). What is the highest common divisor of a and l?
20
Let l = -30 + 35. Suppose -l*c + 0*c + 3*w = -509, 2*w + 506 = 5*c. Calculate the highest common factor of 25 and c.
25
Suppose 4*p = p + 4*d + 36, -4*d + 24 = 2*p. What is the highest common divisor of p and 12?
12
Let f(k) = 3*k + 